{"id":281,"date":"2023-02-06T09:50:20","date_gmt":"2023-02-06T09:50:20","guid":{"rendered":"https:\/\/projectemauthausen.amical-mauthausen.org\/testimonis\/joaquim-aragones-campderros\/"},"modified":"2023-02-06T09:52:36","modified_gmt":"2023-02-06T09:52:36","slug":"joaquim-aragones-campderros","status":"publish","type":"testimonis","link":"https:\/\/projectemauthausen.amical-mauthausen.org\/es\/testimonis\/joaquim-aragones-campderros\/","title":{"rendered":"Joaquim Aragon\u00e8s Campderr\u00f3s"},"content":{"rendered":"<p>Naci\u00f3 en Rub\u00ed (Barcelona), el 5 de septiembre de 1900, era el tercero de los cuatro hijos de Lloren\u00e7 Aragon\u00e9s y Francisca Campderr\u00f3s. Casado con Pilar Benet Gasau el 4 de junio de 1927, en Rub\u00ed. Tuvo un hija, Rosa, nacida el 5 de noviembre de 1930.<\/p>\n<p>Desde muy joven empez\u00f3 a aprender el oficio de alba\u00f1il. El a\u00f1o 1921 fue enviado al servicio militar, a Tenerife, que dur\u00f3 38 meses y que fueron muy marcados por la Dictadura de Primo de Rivera y las repercusiones de la guerra colonial en el norte de \u00c1frica. De retorno a Rub\u00ed se afili\u00f3 al Sindicato \u00danico de Trabajadores de Rub\u00ed SUTR (CNT). A partir de 1930 ser\u00eda el Sindicato General de Trabajadores de Rub\u00ed (SGTR). Fue asumiendo diferentes cargos, sobre todo organizativos, dentro del mundo sindical. Ya en plena Guerra Civil, y a partir del 30 de julio de 1937, fue Concejal del Ayuntamiento de Rub\u00ed i responsable de la Comisi\u00f3n de Fomento y Servicios P\u00fablicos, hasta el 11 de octubre de 1938, fecha en que fue movilizada la quinta del 21. Fue destinado a la construcci\u00f3n de fortificaciones en el puerto de Barcelona y otras zonas de la costa.<\/p>\n<p>A finales de enero de 1939 su familia se exili\u00f3 a Francia. \u00c9l lo hizo d\u00edas m\u00e1s tarde. En Francia fue recluido en el campo de Argelers, donde encontr\u00f3 a vecinos de Rub\u00ed (\u00d2dena, Cardona, Rerinal, Ribas \u201cXeret\u201d entre otros). De all\u00ed fue trasladado a Barcar\u00e9s, donde pudo saber a trav\u00e9s de la Cruz Roja que su mujer, hija y hermanas estaban refugiadas en el pueblo de Gueret Creuse; su madre hab\u00eda muerto camino del exilio; i su hermano Enric estaba en el campo de Saint Cyprien. M\u00e1s tarda se reencontrar\u00edan en este campo.<\/p>\n<p>Las autoridades francesas les obligaron a alistarse a las CTE, Compa\u00f1\u00edas de Trabajadores Extranjeros, en concreto a la 114, destinada a la construcci\u00f3n de la L\u00ednea Maginot. El 20 de junio de 1940 los franceses se rindieron a los alemanes, y los trabajadores fueron hechos prisioneros de guerra. En octubre de 1940 estaba en el Stalag VIII C en la Alta Silesia, con el n\u00fam. 56867. El 6 de enero de 1941 fue trasladado al Stalag XII D en Treveris, des de donde fue deportado.<\/p>\n<p>El 25 de enero de 1941 ingres\u00f3 en el campo de concentraci\u00f3n de Mauthausen, le asignaron el n\u00fam. 4476. Cuando llegaron a este campo estaba a\u00fan en construcci\u00f3n. El ser alba\u00f1il le ayud\u00f3 a sobrevivir porqu\u00e9 necesitaban gente con este oficio. A este campo llegaron 11 rubinenses, 7 de ellos murieron, entre los cuales su hermano Enric. 4 sobrevivieron.<\/p>\n<p>En setiembre de 1943 fue enviado a un comando de trabajo al pueblo de San Lambrecht, a 250 km. De Mauthause, all\u00ed estuvo prisionero hasta su liberaci\u00f3n, el 5 de mayo de 1945.<\/p>\n<p>Los americanos lo trasladaron primero a Innsbruck, despu\u00e9s a San Salvador, donde les proporcionaron ropa de soldado franc\u00e9s i les trasladaron a Italia. Los ingleses se hicieron cargo de los deportados espa\u00f1oles i los llevaron a Ancona, el 6 de junio de 1945 pudo contactar a trav\u00e9s de la Cruz Roja con su familia. De Ancona a Mestres, a Roma, a N\u00e1poles i de all\u00ed a Marsella. En Francia comenz\u00f3 el periplo por diferentes centros hasta que el gobierno franc\u00e9s se hizo cargo de los deportados espa\u00f1oles. M\u00e1s recuperado se instal\u00f3 en La Grand Combe, en la regi\u00f3n del Llenguadoc, donde comenz\u00f3 a trabajar en una empresa de construcci\u00f3n.<\/p>\n<p>La comunicaci\u00f3n con la familia era dif\u00edcil, solo a trav\u00e9s de la Cruz Roja o de terceras personas, a\u00fan lo era m\u00e1s el posible retorno a casa. Pero en setiembre de 1947 consigui\u00f3 pasar la frontera y llegar a Rub\u00ed.<\/p>\n<p>Muri\u00f3 el 19 de marzo de 1992<\/p>\n<p>Fuente: Josepa Gardenyes, entrevistas a Joaquim Aragon\u00e8s, en <em>Joaquim Aragon\u00e8s, de Rub\u00ed a Mauthausen<\/em> , Llibres a mida 2014<\/p>\n","protected":false},"featured_media":0,"template":"","class_list":["post-281","testimonis","type-testimonis","status-publish","hentry"],"acf":[],"_links":{"self":[{"href":"https:\/\/projectemauthausen.amical-mauthausen.org\/es\/wp-json\/wp\/v2\/testimonis\/281","targetHints":{"allow":["GET"]}}],"collection":[{"href":"https:\/\/projectemauthausen.amical-mauthausen.org\/es\/wp-json\/wp\/v2\/testimonis"}],"about":[{"href":"https:\/\/projectemauthausen.amical-mauthausen.org\/es\/wp-json\/wp\/v2\/types\/testimonis"}],"wp:attachment":[{"href":"https:\/\/projectemauthausen.amical-mauthausen.org\/es\/wp-json\/wp\/v2\/media?parent=281"}],"curies":[{"name":"wp","href":"https:\/\/api.w.org\/{rel}","templated":true}]}}

Joaquim Aragonès Campderrós

<p>Nació en Rubí (Barcelona), el 5 de septiembre de 1900, era el tercero de los cuatro hijos de Llorenç Aragonés y Francisca Campderrós. Casado con Pilar Benet Gasau el 4 de junio de 1927, en Rubí. Tuvo un hija, Rosa, nacida el 5 de noviembre de 1930.</p>
<p>Desde muy joven empezó a aprender el oficio de albañil. El año 1921 fue enviado al servicio militar, a Tenerife, que duró 38 meses y que fueron muy marcados por la Dictadura de Primo de Rivera y las repercusiones de la guerra colonial en el norte de África. De retorno a Rubí se afilió al Sindicato Único de Trabajadores de Rubí SUTR (CNT). A partir de 1930 sería el Sindicato General de Trabajadores de Rubí (SGTR). Fue asumiendo diferentes cargos, sobre todo organizativos, dentro del mundo sindical. Ya en plena Guerra Civil, y a partir del 30 de julio de 1937, fue Concejal del Ayuntamiento de Rubí i responsable de la Comisión de Fomento y Servicios Públicos, hasta el 11 de octubre de 1938, fecha en que fue movilizada la quinta del 21. Fue destinado a la construcción de fortificaciones en el puerto de Barcelona y otras zonas de la costa.</p>
<p>A finales de enero de 1939 su familia se exilió a Francia. Él lo hizo días más tarde. En Francia fue recluido en el campo de Argelers, donde encontró a vecinos de Rubí (Òdena, Cardona, Rerinal, Ribas “Xeret” entre otros). De allí fue trasladado a Barcarés, donde pudo saber a través de la Cruz Roja que su mujer, hija y hermanas estaban refugiadas en el pueblo de Gueret Creuse; su madre había muerto camino del exilio; i su hermano Enric estaba en el campo de Saint Cyprien. Más tarda se reencontrarían en este campo.</p>
<p>Las autoridades francesas les obligaron a alistarse a las CTE, Compañías de Trabajadores Extranjeros, en concreto a la 114, destinada a la construcción de la Línea Maginot. El 20 de junio de 1940 los franceses se rindieron a los alemanes, y los trabajadores fueron hechos prisioneros de guerra. En octubre de 1940 estaba en el Stalag VIII C en la Alta Silesia, con el núm. 56867. El 6 de enero de 1941 fue trasladado al Stalag XII D en Treveris, des de donde fue deportado.</p>
<p>El 25 de enero de 1941 ingresó en el campo de concentración de Mauthausen, le asignaron el núm. 4476. Cuando llegaron a este campo estaba aún en construcción. El ser albañil le ayudó a sobrevivir porqué necesitaban gente con este oficio. A este campo llegaron 11 rubinenses, 7 de ellos murieron, entre los cuales su hermano Enric. 4 sobrevivieron.</p>
<p>En setiembre de 1943 fue enviado a un comando de trabajo al pueblo de San Lambrecht, a 250 km. De Mauthause, allí estuvo prisionero hasta su liberación, el 5 de mayo de 1945.</p>
<p>Los americanos lo trasladaron primero a Innsbruck, después a San Salvador, donde les proporcionaron ropa de soldado francés i les trasladaron a Italia. Los ingleses se hicieron cargo de los deportados españoles i los llevaron a Ancona, el 6 de junio de 1945 pudo contactar a través de la Cruz Roja con su familia. De Ancona a Mestres, a Roma, a Nápoles i de allí a Marsella. En Francia comenzó el periplo por diferentes centros hasta que el gobierno francés se hizo cargo de los deportados españoles. Más recuperado se instaló en La Grand Combe, en la región del Llenguadoc, donde comenzó a trabajar en una empresa de construcción.</p>
<p>La comunicación con la familia era difícil, solo a través de la Cruz Roja o de terceras personas, aún lo era más el posible retorno a casa. Pero en setiembre de 1947 consiguió pasar la frontera y llegar a Rubí.</p>
<p>Murió el 19 de marzo de 1992</p>
<p>Fuente: Josepa Gardenyes, entrevistas a Joaquim Aragonès, en <em>Joaquim Aragonès, de Rubí a Mauthausen</em> , Llibres a mida 2014</p>
